{"id":20639,"date":"2020-07-27T17:25:53","date_gmt":"2020-07-27T15:25:53","guid":{"rendered":"https:\/\/www.lucavieri.com\/?page_id=20639"},"modified":"2025-09-16T16:33:37","modified_gmt":"2025-09-16T14:33:37","slug":"come-scegliere-il-fotografo-di-matrimonio","status":"publish","type":"page","link":"https:\/\/www.lucavieri.com\/it\/come-scegliere-il-fotografo-di-matrimonio\/","title":{"rendered":"Come scegliere il fotografo di matrimonio"},"content":{"rendered":"\n<h2 class=\"wp-block-heading has-text-align-center has-h-2-font-size has-secondary-color has-text-color\">La scelta del fotografo<\/h2>\n\n\n\n<hr class=\"wp-block-separator has-css-opacity\"\/>\n\n\n\n<p class=\"has-secondary-color has-text-color has-raleway-font-family has-medium-font-size\" style=\"font-style:normal;font-weight:400;text-transform:none\">In questo momento sarete alle prese con tutti i preparativi del vostro giorno pi\u00f9 importante&nbsp;e&nbsp;starete pianificando il vostro budget.<\/p>\n\n\n\n<p class=\"has-secondary-color has-text-color has-raleway-font-family has-medium-font-size\" style=\"font-style:normal;font-weight:400;text-transform:none\">La scelta del fotografo ha una doppia importanza perch\u00e9 la sua presenza non si risolver\u00e0 in quella sola giornata, le foto saranno per sempre il ricordo di quel giorno magnifico.<\/p>\n\n\n\n<p class=\"has-secondary-color has-text-color has-raleway-font-family has-medium-font-size\" style=\"font-style:normal;font-weight:400;text-transform:none\">Sebbene il fattore prezzo sia molto importante nella vostra pianificazione, non dimenticate il \u201c<em>fattore costo<\/em>\u201c,&nbsp; quando tra qualche anno riguarderete le vostre fotografie forse i 100 euro risparmiati sul budget dedicato al fotografo li avrete dimenticati ma le foto del vostro matrimonio vi ricorderanno la scelta fatta.<\/p>\n\n\n\n<p class=\"has-secondary-color has-text-color has-raleway-font-family has-medium-font-size\" style=\"font-style:normal;font-weight:400;text-transform:none\">Per questo motivo il mio consiglio \u00e8, se vi sentite in linea con il mio stile, contattatemi e verificher\u00f2 subito la mia disponibilit\u00e0 per la vostra data di Nozze, sar\u00f2 onorato di essere il vostro fotografo il giorno del vostro Matrimonio<\/p>\n","protected":false},"excerpt":{"rendered":"<p>La scelta del fotografo In questo momento sarete alle prese con tutti i preparativi del vostro giorno pi\u00f9 importante&nbsp;e&nbsp;starete pianificando il vostro budget. La scelta del fotografo ha una doppia importanza perch\u00e9 la sua presenza non si risolver\u00e0 in quella sola giornata, le foto saranno per sempre il ricordo di quel giorno magnifico. Sebbene il [&hellip;]<\/p>\n","protected":false},"author":1,"featured_media":18916,"parent":0,"menu_order":0,"comment_status":"closed","ping_status":"closed","template":"wp-custom-template-sanremo","meta":{"_vp_format_video_url":"","_vp_image_focal_point":{"x":0.63,"y":0.31},"_vp_custom_popup_image":0,"_vp_format_audio_url":"","_vp_album_images":[],"_vp_custom_thumbnail":0,"_vp_custom_thumbnail_focal_point":[],"_vp_custom_thumbnail_cover":0,"_vp_hover_thumbnail":0,"_vp_hover_thumbnail_focal_point":[],"footnotes":""},"class_list":["post-20639","page","type-page","status-publish","has-post-thumbnail","hentry"],"_links":{"self":[{"href":"https:\/\/www.lucavieri.com\/it\/wp-json\/wp\/v2\/pages\/20639","targetHints":{"allow":["GET"]}}],"collection":[{"href":"https:\/\/www.lucavieri.com\/it\/wp-json\/wp\/v2\/pages"}],"about":[{"href":"https:\/\/www.lucavieri.com\/it\/wp-json\/wp\/v2\/types\/page"}],"author":[{"embeddable":true,"href":"https:\/\/www.lucavieri.com\/it\/wp-json\/wp\/v2\/users\/1"}],"replies":[{"embeddable":true,"href":"https:\/\/www.lucavieri.com\/it\/wp-json\/wp\/v2\/comments?post=20639"}],"version-history":[{"count":1,"href":"https:\/\/www.lucavieri.com\/it\/wp-json\/wp\/v2\/pages\/20639\/revisions"}],"predecessor-version":[{"id":39835,"href":"https:\/\/www.lucavieri.com\/it\/wp-json\/wp\/v2\/pages\/20639\/revisions\/39835"}],"wp:featuredmedia":[{"embeddable":true,"href":"https:\/\/www.lucavieri.com\/it\/wp-json\/wp\/v2\/media\/18916"}],"wp:attachment":[{"href":"https:\/\/www.lucavieri.com\/it\/wp-json\/wp\/v2\/media?parent=20639"}],"curies":[{"name":"wp","href":"https:\/\/api.w.org\/{rel}","templated":true}]}}

<h2 class="wp-block-heading has-text-align-center has-h-2-font-size has-secondary-color has-text-color">La scelta del fotografo</h2>



<hr class="wp-block-separator has-css-opacity"/>



<p class="has-secondary-color has-text-color has-raleway-font-family has-medium-font-size" style="font-style:normal;font-weight:400;text-transform:none">In questo momento sarete alle prese con tutti i preparativi del vostro giorno più importante&nbsp;e&nbsp;starete pianificando il vostro budget.</p>



<p class="has-secondary-color has-text-color has-raleway-font-family has-medium-font-size" style="font-style:normal;font-weight:400;text-transform:none">La scelta del fotografo ha una doppia importanza perché la sua presenza non si risolverà in quella sola giornata, le foto saranno per sempre il ricordo di quel giorno magnifico.</p>



<p class="has-secondary-color has-text-color has-raleway-font-family has-medium-font-size" style="font-style:normal;font-weight:400;text-transform:none">Sebbene il fattore prezzo sia molto importante nella vostra pianificazione, non dimenticate il “<em>fattore costo</em>“,&nbsp; quando tra qualche anno riguarderete le vostre fotografie forse i 100 euro risparmiati sul budget dedicato al fotografo li avrete dimenticati ma le foto del vostro matrimonio vi ricorderanno la scelta fatta.</p>



<p class="has-secondary-color has-text-color has-raleway-font-family has-medium-font-size" style="font-style:normal;font-weight:400;text-transform:none">Per questo motivo il mio consiglio è, se vi sentite in linea con il mio stile, contattatemi e verificherò subito la mia disponibilità per la vostra data di Nozze, sarò onorato di essere il vostro fotografo il giorno del vostro Matrimonio</p>

<p>La scelta del fotografo In questo momento sarete alle prese con tutti i preparativi del vostro giorno più importante&nbsp;e&nbsp;starete pianificando il vostro budget. La scelta del fotografo ha una doppia importanza perché la sua presenza non si risolverà in quella sola giornata, le foto saranno per sempre il ricordo di quel giorno magnifico. Sebbene il [&hellip;]</p>
